st the prime factors of 54/2 - (-4 - (-8 - d)).
23
Suppose 0 = j - 5*j + 168. Suppose -2 + j = -5*f. What are the prime factors of (-790)/f - 5/(-20)?
3, 11
Let h be ((2 - -5) + -1)*(-20)/(-15). Let x(j) = 6*j + h + 9 - 5. What are the prime factors of x(7)?
2, 3
Suppose -271 = -4*i + m, 15 = 2*m - 7*m. Let z = 197 - i. Let r = -77 + z. What are the prime factors of r?
53
Suppose -4*r - 5 + 13 = 0. Suppose -h = 2*b + 2*h - 980, -r*b + 952 = -4*h. Suppose -7*j = -769 - b. What are the prime factors of j?
179
Suppose -151727 = -130*f + 9733. What are the prime factors of f?
2, 3, 23
Let q(c) = -11*c**3 - 9*c**2 - 11*c - 2. Let n be q(-7). Suppose -21*z - n = -11744. What are the prime factors of z?
397
List the prime factors of (28278/21)/((-111)/(-518)).
2, 1571
Suppose 10*y - 224 = -18*y. Suppose -294 + y = -d. List the prime factors of d.
2, 11, 13
Let r(c) = 26*c**2 + 29*c + 2. Let l be r(-5). Suppose 2255 = 512*j - l*j. What are the prime factors of j?
11, 41
Let t(j) = -34 + 0*j + 39 - j**3 + 13*j**2 + 17*j**2 + j + j. List the prime factors of t(30).
5, 13
What are the prime factors of 9 + (17 - -17699 - -17)?
2, 3, 2957
Let d(c) = -452*c - 720. What are the prime factors of d(-2)?
2, 23
Let o(m) = -11 - 27 + 74*m - 12 + 35*m. List the prime factors of o(5).
3, 5, 11
Suppose -76*t + 18651 + 3085 = 0. Let m = -1055 + 1549. Let k = m - t. List the prime factors of k.
2, 13
Let i(l) = 7*l**3 - 26*l**2 - 54*l + 189. What are the prime factors of i(15)?
2, 3, 953
Let m(a) = 701*a**2 - 151*a - 755. List the prime factors of m(-5).
5, 701
Let k be (-6 + 5)/(3/27). Let u = 65 - 72. List the prime factors of (-858)/u + k/(-21).
3, 41
Suppose -3*g = 5*c + 17, -c - 37 - 6 = 5*g. Let h be 1778/10 + (g/(-5))/9. Suppose -8 = -4*n, a = -a + n + h. What are the prime factors of a?
2, 3, 5
Let d(v) = 5*v**2 + 16*v - 61. Let i be d(-24). Suppose -x + 3*q = -817, -3*x + 6*x - 5*q = i. List the prime factors of x.
5, 7, 23
Suppose 93651 + 14917 = 5*v - u, 21687 = v - 4*u. What are the prime factors of v?
5, 43, 101
Suppose -206*h + 61*h + 1594251 - 509216 = 0. What are the prime factors of h?
7, 1069
List the prime factors of (0 + 7115)*(-2)/5*-2.
2, 1423
Let u = -3994 - -6043. List the prime factors of -3 + 24/(-42) + u/21.
2, 47
Let m = -716 - -716. Suppose m*u + 5*u = -2*s + 2665, -5*s - 5*u + 6625 = 0. List the prime factors of s.
2, 3, 5, 11
Let d(j) be the first derivative of -15*j**2 - 70*j - 50. List the prime factors of d(-6).
2, 5, 11
Let f(u) = -5*u**2 + u + 4. Let s be f(-5). Let b = 503 + s. List the prime factors of b.
13, 29
Let h = 44552 - 26062. What are the prime factors of h?
2, 5, 43
Let t = 203804 - 137077. List the prime factors of t.
53, 1259
Let n = 224 - 220. Let o(z) = 10*z**2 + 18*z - 30. What are the prime factors of o(n)?
2, 101
Suppose -v = 5*c - 39404, -3*v = 3*c - 60360 - 57936. What are the prime factors of v?
39439
Let h = -508 + 2616. Suppose 2*s + 0*j - 4*j - 1060 = 0, 5*j + h = 4*s. What are the prime factors of s?
2, 3, 29
Let r(h) be the third derivative of -h**5/60 - 11*h**4/24 + 14*h**3/3 + 30*h**2. List the prime factors of r(-6).
2, 29
Let a(k) = -k**3 + 8*k**2 - 12*k + 39. Let p be a(7). Suppose p*z - 370 = 2*z. List the prime factors of z.
5, 37
What are the prime factors of (-224895)/(-35) + 40/(-70)?
5, 257
Let x be ((24/15)/2)/(7/(-210)). What are the prime factors of 8/x - (-1326)/9?
3, 7
Let f(k) = 12847*k + 1081. What are the prime factors of f(5)?
2, 3, 5443
Suppose 3*w = -6*b + 4*w + 40667, -3*b - w + 20335 = 0. List the prime factors of b.
2, 3389
Suppose -315 = 5*d - 5*a, -3*d - d = -5*a + 248. Let v = 88 + d. List the prime factors of 124/28 - (-12)/v.
5
Let k(r) = 19*r**2 - r + 16. Let g(v) = 41*v**2 - v + 33. Let i(w) = -6*g(w) + 13*k(w). What are the prime factors of i(13)?
2, 11
Let m = -59 - -63. Suppose 67 = 2*s - 11*d + 6*d, -m*s - 3*d + 95 = 0. What are the prime factors of s?
2, 13
Let c(i) = 5729*i - 1679. List the prime factors of c(14).
19, 4133
Let j(k) = k**3 - k + 4. Let i be j(-3). Let f = i - -54. List the prime factors of f.
2, 17
Let v = -1976 - -3966. Suppose 0 = 4*j - 378 - v. List the prime factors of j.
2, 37
Let r be ((-4)/(-14))/((-12)/(-168)). Suppose 0 = -4*j - a + 3601, -r*j + 3930 = -3*a + 317. List the prime factors of j.
17, 53
Let y(u) be the second derivative of -49*u**3/6 - 29*u**2 - 34*u. What are the prime factors of y(-7)?
3, 5, 19
Let i(r) = -r**3 + 2*r**2 + 6*r - 6. Let b be i(3). Suppose 3*a + b*y = -9, 2*a - 3*y + 7*y = -12. What are the prime factors of (a + -15)*(6 - 0 - 17)?
3, 5, 11
Let f(y) = y**3 - y**2 + 2*y - 10. Let k(x) = x**3 - x**2 + x + 1. Let u(z) = f(z) + k(z). What are the prime factors of u(4)?
3, 11
Suppose -5*l - 4*i = -2*i - 76, 4*l - 4*i - 72 = 0. Let a be (84/l)/(6/8). Suppose -22*p + a*p = -2685. What are the prime factors of p?
179
Let f = 30 - 26. Suppose -3 + 4 = m + 3*u, -f*u + 4 = 0. Let v = 13 - m. What are the prime factors of v?
3, 5
Let f = 24392 - 24203. List the prime factors of f.
3, 7
Let m(z) be the second derivative of -z**5/10 - 5*z**4/12 - z**3/2 + 2*z**2 + 26*z. Let t be m(-3). What are the prime factors of 2*(t/4*27 + 1)?
13, 23
Suppose -180 = -10*h + 4*h. Let d = h + -22. List the prime factors of d/(((-3)/36)/(-1)).
2, 3
Let z = 3627 + 790. What are the prime factors of z?
7, 631
Let c be 6*(2 + 12/(-9)). Suppose v - 1 = -j - v, c*v + 7 = -5*j. Let r = j + 46. List the prime factors of r.
43
Suppose 16 = 3*r + 5*r. Let c be 24/r + -3 - -2. Let m = c - -42. What are the prime factors of m?
53
Suppose 0 = 3*m + 5*l + 706, 0 = 2*m - 4*l + 121 + 313. Let u = -29 - m. Let t = -125 + u. What are the prime factors of t?
73
Let s be (41 - 5)/(18/(-24)). List the prime factors of s/(0 - (-8)/(-212)).
2, 3, 53
Let j(k) = 356*k + 1641. What are the prime factors of j(7)?
4133
Let y(t) = 5*t + 25. Let h(i) = 6*i - 3. Let v(l) = 3*h(l) - y(l). Let k be 33/(9/3) - -2. List the prime factors of v(k).
3, 5
Suppose i = -q + 7557, -73*q + 3*i = -71*q - 15109. List the prime factors of q.
2, 1889
Let j = 55 + -70. Let b = j - -19. List the prime factors of (b + -7)*334/(-6).
167
Let u(x) = -3*x + 4*x**2 + 4*x**2 - 2*x + 4*x + 1. Suppose -4*f + 4*j - 4 = -0, -5*f - 2*j = 5. What are the prime factors of u(f)?
2, 5
Let t = 14060 + -3444. What are the prime factors of t?
2, 1327
Let f = 80 + -70. Suppose -t = 3*h - f, 7*h - 6*h - 12 = 4*t. Suppose -4*k = -2*y - 1072, -k + h*y - 536 = -3*k. List the prime factors of k.
2, 67
Suppose -u + 3*p = 20, p - 4*p + 5 = 2*u. Let j(o) = -o**2 - 5*o - 2. Let d be j(u). List the prime factors of 40/6 + d/3.
2, 3
Let h be ((-8)/3 + 2)*(-7 + 25). What are the prime factors of -3 - 16/h*24?
29
What are the prime factors of (17832/(-15))/((-216)/810)?
2, 3, 743
List the prime factors of (28/(-16) + (-1)/4)*31230/(-12).
3, 5, 347
Let t be 8/(-12) - 38/6. Let r be 3/t + (-15430)/(-70). Suppose 5*u - 262 = 3*c, -u = -5*u + 5*c + r. List the prime factors of u.
2, 5
Suppose -26*b + 21*b + 100 = 0. What are the prime factors of (-327096)/(-560) - 2/b?
2, 73
Let m = 623 - 2286. Let n = m + 2463. List the prime factors of n.
2, 5
Let d(y) = -19591*y**3 + 4*y**2 + 8*y + 6. Let s be d(-1). List the prime factors of s/28 - -5 - (-3)/(-4).
2, 11
Let s(g) = -g**3 + 28*g**2 - 79*g + 23. Let f be s(25). Let n(h) = -169*h**3 + 2*h + 1. Let q be n(-1). Let v = f + q. List the prime factors of v.
7, 13
List the prime factors of 4 + (-42)/10 + 9/(180/151664).
7583
Let l = 873 + -416. Suppose 273 = 10*k - l. What are the prime factors of 2 - (5 - 3 - k)?
73
Let w = 413 - 131. Let a = w - 167. List the prime factors of a.
5, 23
Let b = 191 - -60. Let o = b - 134. What are the prime factors of o?
3, 13
Let d(h) = -h**3 + 2*h**2 + 2. Let b be d(2). Suppose -2 = -b*f, 32*f - 28*f = -5*m + 444. What are the prime factors of m?
2, 11
Let d be 3/2*(-1 + -1) - 504. Let w = 740 + d. Let y = 346 - w. List the prime factors of y.
113
Let l be 4/(-9)*3*(-117)/26. Let z(v) = 2*v**3 - 8*v**2 + 8*v + 19. List the prime factors of z(l).
211
Let o = -236 + 236. Suppose o = 2*t + 17*t - 5130. List the prime factors of t.
2, 3, 5
Let r = -7509 - -10638. List the prime factors of r.
3, 7, 149
Suppose -2*p + 50*w - 47*w = -78123, 5*p - 195325